{"id":8426,"date":"2024-09-16T18:50:25","date_gmt":"2024-09-16T16:50:25","guid":{"rendered":"https:\/\/serbenidorm.daliisolutions.com\/index.php\/dm-podcast\/barbara-lara-tecnica-de-educacion-de-entreculturas-sobre-la-exlcusion-educativa-en-el-ambito-rural\/"},"modified":"2024-09-16T18:50:25","modified_gmt":"2024-09-16T16:50:25","slug":"barbara-lara-tecnica-de-educacion-de-entreculturas-sobre-la-exlcusion-educativa-en-el-ambito-rural","status":"publish","type":"dm-podcast","link":"https:\/\/serbenidorm.daliisolutions.com\/index.php\/dm-podcast\/barbara-lara-tecnica-de-educacion-de-entreculturas-sobre-la-exlcusion-educativa-en-el-ambito-rural\/","title":{"rendered":"B\u00e1rbara Lara, t\u00e9cnica de Educaci\u00f3n de Entreculturas, sobre la exlcusi\u00f3n educativa en el \u00e1mbito rural"},"featured_media":0,"template":"","meta":{"_acf_changed":false},"dm-programa":[7],"class_list":["post-8426","dm-podcast","type-dm-podcast","status-publish","hentry","dm-programa-podcast-radio-valencia-hora-14-comunitat-valenciana-2298"],"acf":{"url":"https:\/\/sdmedia.playser.cadenaser.com\/mcv\/playser\/multimedia\/20240916\/4141077_142307_audio_128.mp3"},"_links":{"self":[{"href":"https:\/\/serbenidorm.daliisolutions.com\/index.php\/wp-json\/wp\/v2\/dm-podcast\/8426","targetHints":{"allow":["GET"]}}],"collection":[{"href":"https:\/\/serbenidorm.daliisolutions.com\/index.php\/wp-json\/wp\/v2\/dm-podcast"}],"about":[{"href":"https:\/\/serbenidorm.daliisolutions.com\/index.php\/wp-json\/wp\/v2\/types\/dm-podcast"}],"wp:attachment":[{"href":"https:\/\/serbenidorm.daliisolutions.com\/index.php\/wp-json\/wp\/v2\/media?parent=8426"}],"wp:term":[{"taxonomy":"dm-programa","embeddable":true,"href":"https:\/\/serbenidorm.daliisolutions.com\/index.php\/wp-json\/wp\/v2\/dm-programa?post=8426"}],"curies":[{"name":"wp","href":"https:\/\/api.w.org\/{rel}","templated":true}]}}

Bárbara Lara, técnica de Educación de Entreculturas, sobre la exlcusión educativa en el ámbito rural
