{"id":8440,"date":"2024-09-18T08:32:19","date_gmt":"2024-09-18T06:32:19","guid":{"rendered":"https:\/\/serbenidorm.daliisolutions.com\/index.php\/dm-podcast\/enric-simo-unio-llauradora-sector-olivar-alerta-del-peligro-del-sector-por-la-sequia\/"},"modified":"2024-09-18T08:32:19","modified_gmt":"2024-09-18T06:32:19","slug":"enric-simo-unio-llauradora-sector-olivar-alerta-del-peligro-del-sector-por-la-sequia","status":"publish","type":"dm-podcast","link":"https:\/\/serbenidorm.daliisolutions.com\/index.php\/dm-podcast\/enric-simo-unio-llauradora-sector-olivar-alerta-del-peligro-del-sector-por-la-sequia\/","title":{"rendered":"Enric Sim\u00f3 (Uni\u00f3 Llauradora sector olivar) alerta del peligro del sector por la sequ\u00eda"},"featured_media":0,"template":"","meta":{"_acf_changed":false},"dm-programa":[7],"class_list":["post-8440","dm-podcast","type-dm-podcast","status-publish","hentry","dm-programa-podcast-radio-valencia-hora-14-comunitat-valenciana-2298"],"acf":{"url":"https:\/\/sdmedia.playser.cadenaser.com\/mcv\/playser\/multimedia\/20240917\/4142087_091749_audio_128.mp3"},"_links":{"self":[{"href":"https:\/\/serbenidorm.daliisolutions.com\/index.php\/wp-json\/wp\/v2\/dm-podcast\/8440","targetHints":{"allow":["GET"]}}],"collection":[{"href":"https:\/\/serbenidorm.daliisolutions.com\/index.php\/wp-json\/wp\/v2\/dm-podcast"}],"about":[{"href":"https:\/\/serbenidorm.daliisolutions.com\/index.php\/wp-json\/wp\/v2\/types\/dm-podcast"}],"wp:attachment":[{"href":"https:\/\/serbenidorm.daliisolutions.com\/index.php\/wp-json\/wp\/v2\/media?parent=8440"}],"wp:term":[{"taxonomy":"dm-programa","embeddable":true,"href":"https:\/\/serbenidorm.daliisolutions.com\/index.php\/wp-json\/wp\/v2\/dm-programa?post=8440"}],"curies":[{"name":"wp","href":"https:\/\/api.w.org\/{rel}","templated":true}]}}

Enric Simó (Unió Llauradora sector olivar) alerta del peligro del sector por la sequía
