{"id":8473,"date":"2024-09-18T20:20:17","date_gmt":"2024-09-18T18:20:17","guid":{"rendered":"https:\/\/serbenidorm.daliisolutions.com\/index.php\/dm-podcast\/valencia-tendra-por-primera-vez-conexion-aerea-directa-con-lituania\/"},"modified":"2024-09-18T20:20:17","modified_gmt":"2024-09-18T18:20:17","slug":"valencia-tendra-por-primera-vez-conexion-aerea-directa-con-lituania","status":"publish","type":"dm-podcast","link":"https:\/\/serbenidorm.daliisolutions.com\/index.php\/dm-podcast\/valencia-tendra-por-primera-vez-conexion-aerea-directa-con-lituania\/","title":{"rendered":"Val\u00e8ncia tendr\u00e1 por primera vez conexi\u00f3n a\u00e9rea directa con Lituania"},"featured_media":0,"template":"","meta":{"_acf_changed":false},"dm-programa":[12],"class_list":["post-8473","dm-podcast","type-dm-podcast","status-publish","hentry","dm-programa-podcast-radio-valencia-ser-viajeros-comunitat-valenciana-2294"],"acf":{"url":"https:\/\/sdmedia.playser.cadenaser.com\/playser\/audio\/20249\/18\/audio_con_66eabf2a63afa_55007_cut.mp3"},"_links":{"self":[{"href":"https:\/\/serbenidorm.daliisolutions.com\/index.php\/wp-json\/wp\/v2\/dm-podcast\/8473","targetHints":{"allow":["GET"]}}],"collection":[{"href":"https:\/\/serbenidorm.daliisolutions.com\/index.php\/wp-json\/wp\/v2\/dm-podcast"}],"about":[{"href":"https:\/\/serbenidorm.daliisolutions.com\/index.php\/wp-json\/wp\/v2\/types\/dm-podcast"}],"wp:attachment":[{"href":"https:\/\/serbenidorm.daliisolutions.com\/index.php\/wp-json\/wp\/v2\/media?parent=8473"}],"wp:term":[{"taxonomy":"dm-programa","embeddable":true,"href":"https:\/\/serbenidorm.daliisolutions.com\/index.php\/wp-json\/wp\/v2\/dm-programa?post=8473"}],"curies":[{"name":"wp","href":"https:\/\/api.w.org\/{rel}","templated":true}]}}

València tendrá por primera vez conexión aérea directa con Lituania
