{"id":850,"date":"2023-12-22T13:37:03","date_gmt":"2023-12-22T12:37:03","guid":{"rendered":"https:\/\/serbenidorm.daliisolutions.com\/index.php\/dm-podcast\/milagros-julve-vicepresidenta-consejo-valenciano-de-personas-mayores-explica-que-sin-politicas-especificas-esas-mujeres-no-denunciaran\/"},"modified":"2023-12-22T13:37:03","modified_gmt":"2023-12-22T12:37:03","slug":"milagros-julve-vicepresidenta-consejo-valenciano-de-personas-mayores-explica-que-sin-politicas-especificas-esas-mujeres-no-denunciaran","status":"publish","type":"dm-podcast","link":"https:\/\/serbenidorm.daliisolutions.com\/index.php\/dm-podcast\/milagros-julve-vicepresidenta-consejo-valenciano-de-personas-mayores-explica-que-sin-politicas-especificas-esas-mujeres-no-denunciaran\/","title":{"rendered":"Milagros Julve (vicepresidenta Consejo Valenciano de Personas Mayores) explica que sin pol\u00edticas espec\u00edficas esas mujeres no denunciar\u00e1n"},"featured_media":0,"template":"","meta":{"_acf_changed":false},"dm-programa":[7],"class_list":["post-850","dm-podcast","type-dm-podcast","status-publish","hentry","dm-programa-podcast-radio-valencia-hora-14-comunitat-valenciana-2298"],"acf":{"url":"https:\/\/sdmedia.playser.cadenaser.com\/playser\/multimedia\/202312\/22\/1703242063519_1703242095_audio_128.mp3"},"_links":{"self":[{"href":"https:\/\/serbenidorm.daliisolutions.com\/index.php\/wp-json\/wp\/v2\/dm-podcast\/850","targetHints":{"allow":["GET"]}}],"collection":[{"href":"https:\/\/serbenidorm.daliisolutions.com\/index.php\/wp-json\/wp\/v2\/dm-podcast"}],"about":[{"href":"https:\/\/serbenidorm.daliisolutions.com\/index.php\/wp-json\/wp\/v2\/types\/dm-podcast"}],"wp:attachment":[{"href":"https:\/\/serbenidorm.daliisolutions.com\/index.php\/wp-json\/wp\/v2\/media?parent=850"}],"wp:term":[{"taxonomy":"dm-programa","embeddable":true,"href":"https:\/\/serbenidorm.daliisolutions.com\/index.php\/wp-json\/wp\/v2\/dm-programa?post=850"}],"curies":[{"name":"wp","href":"https:\/\/api.w.org\/{rel}","templated":true}]}}

Milagros Julve (vicepresidenta Consejo Valenciano de Personas Mayores) explica que sin políticas específicas esas mujeres no denunciarán
