{"id":8524,"date":"2024-09-19T19:08:17","date_gmt":"2024-09-19T17:08:17","guid":{"rendered":"https:\/\/serbenidorm.daliisolutions.com\/index.php\/dm-podcast\/mikel-erentxun-celtas-cortos-ara-malikian-revolver-y-angel-martin-en-la-nueva-programacion-de-lauditori-de-la-nucia\/"},"modified":"2024-09-19T19:08:17","modified_gmt":"2024-09-19T17:08:17","slug":"mikel-erentxun-celtas-cortos-ara-malikian-revolver-y-angel-martin-en-la-nueva-programacion-de-lauditori-de-la-nucia","status":"publish","type":"dm-podcast","link":"https:\/\/serbenidorm.daliisolutions.com\/index.php\/dm-podcast\/mikel-erentxun-celtas-cortos-ara-malikian-revolver-y-angel-martin-en-la-nueva-programacion-de-lauditori-de-la-nucia\/","title":{"rendered":"Mikel Erentxun, Celtas Cortos, Ara Malikian, Revolver y \u00c1ngel Mart\u00edn en la nueva programaci\u00f3n de l\u2019Auditori de La Nuc\u00eda"},"featured_media":0,"template":"","meta":{"_acf_changed":false},"dm-programa":[10],"class_list":["post-8524","dm-podcast","type-dm-podcast","status-publish","hentry","dm-programa-podcast-radio-benidorm-hoy-por-hoy-benidorm-2992"],"acf":{"url":"https:\/\/sdmedia.playser.cadenaser.com\/mcv\/playser\/multimedia\/20240919\/4145670_105538_audio_128.mp3"},"_links":{"self":[{"href":"https:\/\/serbenidorm.daliisolutions.com\/index.php\/wp-json\/wp\/v2\/dm-podcast\/8524","targetHints":{"allow":["GET"]}}],"collection":[{"href":"https:\/\/serbenidorm.daliisolutions.com\/index.php\/wp-json\/wp\/v2\/dm-podcast"}],"about":[{"href":"https:\/\/serbenidorm.daliisolutions.com\/index.php\/wp-json\/wp\/v2\/types\/dm-podcast"}],"wp:attachment":[{"href":"https:\/\/serbenidorm.daliisolutions.com\/index.php\/wp-json\/wp\/v2\/media?parent=8524"}],"wp:term":[{"taxonomy":"dm-programa","embeddable":true,"href":"https:\/\/serbenidorm.daliisolutions.com\/index.php\/wp-json\/wp\/v2\/dm-programa?post=8524"}],"curies":[{"name":"wp","href":"https:\/\/api.w.org\/{rel}","templated":true}]}}

Mikel Erentxun, Celtas Cortos, Ara Malikian, Revolver y Ángel Martín en la nueva programación de l’Auditori de La Nucía
