{"id":8526,"date":"2024-09-19T19:08:17","date_gmt":"2024-09-19T17:08:17","guid":{"rendered":"https:\/\/serbenidorm.daliisolutions.com\/index.php\/dm-podcast\/maria-jose-arco-y-fran-rubia-nos-hablan-del-programa-de-rehabilitacion-intensiva-en-diez-dias\/"},"modified":"2024-09-19T19:08:17","modified_gmt":"2024-09-19T17:08:17","slug":"maria-jose-arco-y-fran-rubia-nos-hablan-del-programa-de-rehabilitacion-intensiva-en-diez-dias","status":"publish","type":"dm-podcast","link":"https:\/\/serbenidorm.daliisolutions.com\/index.php\/dm-podcast\/maria-jose-arco-y-fran-rubia-nos-hablan-del-programa-de-rehabilitacion-intensiva-en-diez-dias\/","title":{"rendered":"Mar\u00eda Jos\u00e9 Arco y Fran Rubia nos hablan del programa de rehabilitaci\u00f3n intensiva en diez dias"},"featured_media":0,"template":"","meta":{"_acf_changed":false},"dm-programa":[10],"class_list":["post-8526","dm-podcast","type-dm-podcast","status-publish","hentry","dm-programa-podcast-radio-benidorm-hoy-por-hoy-benidorm-2992"],"acf":{"url":"https:\/\/sdmedia.playser.cadenaser.com\/mcv\/playser\/multimedia\/20240919\/4145802_115517_audio_128.mp3"},"_links":{"self":[{"href":"https:\/\/serbenidorm.daliisolutions.com\/index.php\/wp-json\/wp\/v2\/dm-podcast\/8526","targetHints":{"allow":["GET"]}}],"collection":[{"href":"https:\/\/serbenidorm.daliisolutions.com\/index.php\/wp-json\/wp\/v2\/dm-podcast"}],"about":[{"href":"https:\/\/serbenidorm.daliisolutions.com\/index.php\/wp-json\/wp\/v2\/types\/dm-podcast"}],"wp:attachment":[{"href":"https:\/\/serbenidorm.daliisolutions.com\/index.php\/wp-json\/wp\/v2\/media?parent=8526"}],"wp:term":[{"taxonomy":"dm-programa","embeddable":true,"href":"https:\/\/serbenidorm.daliisolutions.com\/index.php\/wp-json\/wp\/v2\/dm-programa?post=8526"}],"curies":[{"name":"wp","href":"https:\/\/api.w.org\/{rel}","templated":true}]}}

María José Arco y Fran Rubia nos hablan del programa de rehabilitación intensiva en diez dias
