{"id":8531,"date":"2024-09-19T19:08:17","date_gmt":"2024-09-19T17:08:17","guid":{"rendered":"https:\/\/serbenidorm.daliisolutions.com\/index.php\/dm-podcast\/jose-munoz-pspv-cree-que-mazon-engana-a-los-valencianos-con-el-fondo-de-nivelacion\/"},"modified":"2024-09-19T19:08:17","modified_gmt":"2024-09-19T17:08:17","slug":"jose-munoz-pspv-cree-que-mazon-engana-a-los-valencianos-con-el-fondo-de-nivelacion","status":"publish","type":"dm-podcast","link":"https:\/\/serbenidorm.daliisolutions.com\/index.php\/dm-podcast\/jose-munoz-pspv-cree-que-mazon-engana-a-los-valencianos-con-el-fondo-de-nivelacion\/","title":{"rendered":"Jos\u00e9 Mu\u00f1oz ( PSPV) cree  que Maz\u00f3n enga\u00f1a a  los valencianos con el Fondo de Nivelaci\u00f3n"},"featured_media":0,"template":"","meta":{"_acf_changed":false},"dm-programa":[7],"class_list":["post-8531","dm-podcast","type-dm-podcast","status-publish","hentry","dm-programa-podcast-radio-valencia-hora-14-comunitat-valenciana-2298"],"acf":{"url":"https:\/\/sdmedia.playser.cadenaser.com\/mcv\/playser\/multimedia\/20240919\/4145776_114732_audio_128.mp3"},"_links":{"self":[{"href":"https:\/\/serbenidorm.daliisolutions.com\/index.php\/wp-json\/wp\/v2\/dm-podcast\/8531","targetHints":{"allow":["GET"]}}],"collection":[{"href":"https:\/\/serbenidorm.daliisolutions.com\/index.php\/wp-json\/wp\/v2\/dm-podcast"}],"about":[{"href":"https:\/\/serbenidorm.daliisolutions.com\/index.php\/wp-json\/wp\/v2\/types\/dm-podcast"}],"wp:attachment":[{"href":"https:\/\/serbenidorm.daliisolutions.com\/index.php\/wp-json\/wp\/v2\/media?parent=8531"}],"wp:term":[{"taxonomy":"dm-programa","embeddable":true,"href":"https:\/\/serbenidorm.daliisolutions.com\/index.php\/wp-json\/wp\/v2\/dm-programa?post=8531"}],"curies":[{"name":"wp","href":"https:\/\/api.w.org\/{rel}","templated":true}]}}

José Muñoz ( PSPV) cree  que Mazón engaña a  los valencianos con el Fondo de Nivelación
