{"id":8533,"date":"2024-09-19T19:08:17","date_gmt":"2024-09-19T17:08:17","guid":{"rendered":"https:\/\/serbenidorm.daliisolutions.com\/index.php\/dm-podcast\/jose-maria-llanos-vox-insiste-en-sus-lineas-rojas-para-el-presupuesto-de-2025\/"},"modified":"2024-09-19T19:08:17","modified_gmt":"2024-09-19T17:08:17","slug":"jose-maria-llanos-vox-insiste-en-sus-lineas-rojas-para-el-presupuesto-de-2025","status":"publish","type":"dm-podcast","link":"https:\/\/serbenidorm.daliisolutions.com\/index.php\/dm-podcast\/jose-maria-llanos-vox-insiste-en-sus-lineas-rojas-para-el-presupuesto-de-2025\/","title":{"rendered":"Jos\u00e9 Mar\u00eda Llanos (Vox) insiste en sus l\u00edneas rojas para el presupuesto de 2025"},"featured_media":0,"template":"","meta":{"_acf_changed":false},"dm-programa":[7],"class_list":["post-8533","dm-podcast","type-dm-podcast","status-publish","hentry","dm-programa-podcast-radio-valencia-hora-14-comunitat-valenciana-2298"],"acf":{"url":"https:\/\/sdmedia.playser.cadenaser.com\/mcv\/playser\/multimedia\/20240919\/4145799_115400_audio_128.mp3"},"_links":{"self":[{"href":"https:\/\/serbenidorm.daliisolutions.com\/index.php\/wp-json\/wp\/v2\/dm-podcast\/8533","targetHints":{"allow":["GET"]}}],"collection":[{"href":"https:\/\/serbenidorm.daliisolutions.com\/index.php\/wp-json\/wp\/v2\/dm-podcast"}],"about":[{"href":"https:\/\/serbenidorm.daliisolutions.com\/index.php\/wp-json\/wp\/v2\/types\/dm-podcast"}],"wp:attachment":[{"href":"https:\/\/serbenidorm.daliisolutions.com\/index.php\/wp-json\/wp\/v2\/media?parent=8533"}],"wp:term":[{"taxonomy":"dm-programa","embeddable":true,"href":"https:\/\/serbenidorm.daliisolutions.com\/index.php\/wp-json\/wp\/v2\/dm-programa?post=8533"}],"curies":[{"name":"wp","href":"https:\/\/api.w.org\/{rel}","templated":true}]}}

José María Llanos (Vox) insiste en sus líneas rojas para el presupuesto de 2025
