{"id":8561,"date":"2024-09-20T12:30:17","date_gmt":"2024-09-20T10:30:17","guid":{"rendered":"https:\/\/serbenidorm.daliisolutions.com\/index.php\/dm-podcast\/diana-morant-ministra-y-secretaria-general-del-pspv-catala-estaria-tambien-burlandose-y-humillando-a-las-victimas\/"},"modified":"2024-09-20T12:30:17","modified_gmt":"2024-09-20T10:30:17","slug":"diana-morant-ministra-y-secretaria-general-del-pspv-catala-estaria-tambien-burlandose-y-humillando-a-las-victimas","status":"publish","type":"dm-podcast","link":"https:\/\/serbenidorm.daliisolutions.com\/index.php\/dm-podcast\/diana-morant-ministra-y-secretaria-general-del-pspv-catala-estaria-tambien-burlandose-y-humillando-a-las-victimas\/","title":{"rendered":"Diana Morant (ministra y secretaria general del PSPV): \u00abCatal\u00e1 estar\u00eda tambi\u00e9n burl\u00e1ndose y humillando a las v\u00edctimas\u00bb"},"featured_media":0,"template":"","meta":{"_acf_changed":false},"dm-programa":[7],"class_list":["post-8561","dm-podcast","type-dm-podcast","status-publish","hentry","dm-programa-podcast-radio-valencia-hora-14-comunitat-valenciana-2298"],"acf":{"url":"https:\/\/sdmedia.playser.cadenaser.com\/mcv\/playser\/multimedia\/20240920\/4147341_093632_audio_128.mp3"},"_links":{"self":[{"href":"https:\/\/serbenidorm.daliisolutions.com\/index.php\/wp-json\/wp\/v2\/dm-podcast\/8561","targetHints":{"allow":["GET"]}}],"collection":[{"href":"https:\/\/serbenidorm.daliisolutions.com\/index.php\/wp-json\/wp\/v2\/dm-podcast"}],"about":[{"href":"https:\/\/serbenidorm.daliisolutions.com\/index.php\/wp-json\/wp\/v2\/types\/dm-podcast"}],"wp:attachment":[{"href":"https:\/\/serbenidorm.daliisolutions.com\/index.php\/wp-json\/wp\/v2\/media?parent=8561"}],"wp:term":[{"taxonomy":"dm-programa","embeddable":true,"href":"https:\/\/serbenidorm.daliisolutions.com\/index.php\/wp-json\/wp\/v2\/dm-programa?post=8561"}],"curies":[{"name":"wp","href":"https:\/\/api.w.org\/{rel}","templated":true}]}}

Diana Morant (ministra y secretaria general del PSPV): «Catalá estaría también burlándose y humillando a las víctimas»
