{"id":8562,"date":"2024-09-20T12:30:17","date_gmt":"2024-09-20T10:30:17","guid":{"rendered":"https:\/\/serbenidorm.daliisolutions.com\/index.php\/dm-podcast\/ana-sanchez-ccoo-sobre-la-situacion-del-centro-mujer-de-xativa\/"},"modified":"2024-09-20T12:30:17","modified_gmt":"2024-09-20T10:30:17","slug":"ana-sanchez-ccoo-sobre-la-situacion-del-centro-mujer-de-xativa","status":"publish","type":"dm-podcast","link":"https:\/\/serbenidorm.daliisolutions.com\/index.php\/dm-podcast\/ana-sanchez-ccoo-sobre-la-situacion-del-centro-mujer-de-xativa\/","title":{"rendered":"Ana S\u00e1nchez (CCOO) sobre la situaci\u00f3n del Centro Mujer de X\u00e0tiva"},"featured_media":0,"template":"","meta":{"_acf_changed":false},"dm-programa":[7],"class_list":["post-8562","dm-podcast","type-dm-podcast","status-publish","hentry","dm-programa-podcast-radio-valencia-hora-14-comunitat-valenciana-2298"],"acf":{"url":"https:\/\/sdmedia.playser.cadenaser.com\/mcv\/playser\/multimedia\/20240920\/4147344_094109_audio_128.mp3"},"_links":{"self":[{"href":"https:\/\/serbenidorm.daliisolutions.com\/index.php\/wp-json\/wp\/v2\/dm-podcast\/8562","targetHints":{"allow":["GET"]}}],"collection":[{"href":"https:\/\/serbenidorm.daliisolutions.com\/index.php\/wp-json\/wp\/v2\/dm-podcast"}],"about":[{"href":"https:\/\/serbenidorm.daliisolutions.com\/index.php\/wp-json\/wp\/v2\/types\/dm-podcast"}],"wp:attachment":[{"href":"https:\/\/serbenidorm.daliisolutions.com\/index.php\/wp-json\/wp\/v2\/media?parent=8562"}],"wp:term":[{"taxonomy":"dm-programa","embeddable":true,"href":"https:\/\/serbenidorm.daliisolutions.com\/index.php\/wp-json\/wp\/v2\/dm-programa?post=8562"}],"curies":[{"name":"wp","href":"https:\/\/api.w.org\/{rel}","templated":true}]}}

Ana Sánchez (CCOO) sobre la situación del Centro Mujer de Xàtiva
