{"id":859,"date":"2023-12-22T16:05:01","date_gmt":"2023-12-22T15:05:01","guid":{"rendered":"https:\/\/serbenidorm.daliisolutions.com\/index.php\/dm-podcast\/pilar-bernabe-delegada-de-gobierno-cv-explica-como-esta-el-proceso-para-eliminar-el-paso-a-nivel-de-alfafar\/"},"modified":"2023-12-22T16:05:01","modified_gmt":"2023-12-22T15:05:01","slug":"pilar-bernabe-delegada-de-gobierno-cv-explica-como-esta-el-proceso-para-eliminar-el-paso-a-nivel-de-alfafar","status":"publish","type":"dm-podcast","link":"https:\/\/serbenidorm.daliisolutions.com\/index.php\/dm-podcast\/pilar-bernabe-delegada-de-gobierno-cv-explica-como-esta-el-proceso-para-eliminar-el-paso-a-nivel-de-alfafar\/","title":{"rendered":"Pilar Bernab\u00e9 (Delegada de Gobierno CV) explica c\u00f3mo est\u00e1 el proceso para eliminar el paso a nivel de Alfafar"},"featured_media":0,"template":"","meta":{"_acf_changed":false},"dm-programa":[7],"class_list":["post-859","dm-podcast","type-dm-podcast","status-publish","hentry","dm-programa-podcast-radio-valencia-hora-14-comunitat-valenciana-2298"],"acf":{"url":"https:\/\/sdmedia.playser.cadenaser.com\/playser\/multimedia\/202312\/22\/1703246725333_1703246753_audio_128.mp3"},"_links":{"self":[{"href":"https:\/\/serbenidorm.daliisolutions.com\/index.php\/wp-json\/wp\/v2\/dm-podcast\/859","targetHints":{"allow":["GET"]}}],"collection":[{"href":"https:\/\/serbenidorm.daliisolutions.com\/index.php\/wp-json\/wp\/v2\/dm-podcast"}],"about":[{"href":"https:\/\/serbenidorm.daliisolutions.com\/index.php\/wp-json\/wp\/v2\/types\/dm-podcast"}],"wp:attachment":[{"href":"https:\/\/serbenidorm.daliisolutions.com\/index.php\/wp-json\/wp\/v2\/media?parent=859"}],"wp:term":[{"taxonomy":"dm-programa","embeddable":true,"href":"https:\/\/serbenidorm.daliisolutions.com\/index.php\/wp-json\/wp\/v2\/dm-programa?post=859"}],"curies":[{"name":"wp","href":"https:\/\/api.w.org\/{rel}","templated":true}]}}

Pilar Bernabé (Delegada de Gobierno CV) explica cómo está el proceso para eliminar el paso a nivel de Alfafar
