{"id":873,"date":"2023-12-23T14:30:57","date_gmt":"2023-12-23T13:30:57","guid":{"rendered":"https:\/\/serbenidorm.daliisolutions.com\/index.php\/dm-podcast\/maria-jose-catala-este-es-posiblemente-el-dia-mas-fuerte-del-ano-en-el-mercado-central\/"},"modified":"2023-12-23T14:30:57","modified_gmt":"2023-12-23T13:30:57","slug":"maria-jose-catala-este-es-posiblemente-el-dia-mas-fuerte-del-ano-en-el-mercado-central","status":"publish","type":"dm-podcast","link":"https:\/\/serbenidorm.daliisolutions.com\/index.php\/dm-podcast\/maria-jose-catala-este-es-posiblemente-el-dia-mas-fuerte-del-ano-en-el-mercado-central\/","title":{"rendered":"Mar\u00eda Jos\u00e9 Catal\u00e1: \u00abEste es posiblemente el d\u00eda m\u00e1s fuerte del a\u00f1o en el Mercado Central\u00bb"},"featured_media":0,"template":"","meta":{"_acf_changed":false},"dm-programa":[7],"class_list":["post-873","dm-podcast","type-dm-podcast","status-publish","hentry","dm-programa-podcast-radio-valencia-hora-14-comunitat-valenciana-2298"],"acf":{"url":"https:\/\/sdmedia.playser.cadenaser.com\/playser\/multimedia\/202312\/23\/1703329748198_1703329757_audio_128.mp3"},"_links":{"self":[{"href":"https:\/\/serbenidorm.daliisolutions.com\/index.php\/wp-json\/wp\/v2\/dm-podcast\/873","targetHints":{"allow":["GET"]}}],"collection":[{"href":"https:\/\/serbenidorm.daliisolutions.com\/index.php\/wp-json\/wp\/v2\/dm-podcast"}],"about":[{"href":"https:\/\/serbenidorm.daliisolutions.com\/index.php\/wp-json\/wp\/v2\/types\/dm-podcast"}],"wp:attachment":[{"href":"https:\/\/serbenidorm.daliisolutions.com\/index.php\/wp-json\/wp\/v2\/media?parent=873"}],"wp:term":[{"taxonomy":"dm-programa","embeddable":true,"href":"https:\/\/serbenidorm.daliisolutions.com\/index.php\/wp-json\/wp\/v2\/dm-programa?post=873"}],"curies":[{"name":"wp","href":"https:\/\/api.w.org\/{rel}","templated":true}]}}

María José Catalá: «Este es posiblemente el día más fuerte del año en el Mercado Central»
