{"id":908,"date":"2023-12-26T11:49:26","date_gmt":"2023-12-26T10:49:26","guid":{"rendered":"https:\/\/serbenidorm.daliisolutions.com\/index.php\/dm-podcast\/jose-munoz-del-pspv-psoe-acusa-a-carlos-mazon-de-dar-una-falsa-apariencia-de-moderacion\/"},"modified":"2023-12-26T11:49:26","modified_gmt":"2023-12-26T10:49:26","slug":"jose-munoz-del-pspv-psoe-acusa-a-carlos-mazon-de-dar-una-falsa-apariencia-de-moderacion","status":"publish","type":"dm-podcast","link":"https:\/\/serbenidorm.daliisolutions.com\/index.php\/dm-podcast\/jose-munoz-del-pspv-psoe-acusa-a-carlos-mazon-de-dar-una-falsa-apariencia-de-moderacion\/","title":{"rendered":"Jos\u00e9 Mu\u00f1oz del PSPV-PSOE acusa a Carlos Maz\u00f3n de dar una falsa apariencia de  moderaci\u00f3n"},"featured_media":0,"template":"","meta":{"_acf_changed":false},"dm-programa":[7],"class_list":["post-908","dm-podcast","type-dm-podcast","status-publish","hentry","dm-programa-podcast-radio-valencia-hora-14-comunitat-valenciana-2298"],"acf":{"url":"https:\/\/sdmedia.playser.cadenaser.com\/playser\/multimedia\/202312\/26\/1703585302536_1703585305_audio_128.mp3"},"_links":{"self":[{"href":"https:\/\/serbenidorm.daliisolutions.com\/index.php\/wp-json\/wp\/v2\/dm-podcast\/908","targetHints":{"allow":["GET"]}}],"collection":[{"href":"https:\/\/serbenidorm.daliisolutions.com\/index.php\/wp-json\/wp\/v2\/dm-podcast"}],"about":[{"href":"https:\/\/serbenidorm.daliisolutions.com\/index.php\/wp-json\/wp\/v2\/types\/dm-podcast"}],"wp:attachment":[{"href":"https:\/\/serbenidorm.daliisolutions.com\/index.php\/wp-json\/wp\/v2\/media?parent=908"}],"wp:term":[{"taxonomy":"dm-programa","embeddable":true,"href":"https:\/\/serbenidorm.daliisolutions.com\/index.php\/wp-json\/wp\/v2\/dm-programa?post=908"}],"curies":[{"name":"wp","href":"https:\/\/api.w.org\/{rel}","templated":true}]}}

José Muñoz del PSPV-PSOE acusa a Carlos Mazón de dar una falsa apariencia de  moderación
