{"id":912,"date":"2023-12-26T13:52:13","date_gmt":"2023-12-26T12:52:13","guid":{"rendered":"https:\/\/serbenidorm.daliisolutions.com\/index.php\/dm-podcast\/jose-maria-llanos-de-vox-afirma-que-en-la-entrevista-mazon-ha-resaltado-la-unidad-del-gobierno-de-coalicion\/"},"modified":"2023-12-26T13:52:13","modified_gmt":"2023-12-26T12:52:13","slug":"jose-maria-llanos-de-vox-afirma-que-en-la-entrevista-mazon-ha-resaltado-la-unidad-del-gobierno-de-coalicion","status":"publish","type":"dm-podcast","link":"https:\/\/serbenidorm.daliisolutions.com\/index.php\/dm-podcast\/jose-maria-llanos-de-vox-afirma-que-en-la-entrevista-mazon-ha-resaltado-la-unidad-del-gobierno-de-coalicion\/","title":{"rendered":"Jos\u00e9 Mar\u00eda Llanos de Vox afirma que en la entrevista Maz\u00f3n ha resaltado la unidad del gobierno de coalici\u00f3n"},"featured_media":0,"template":"","meta":{"_acf_changed":false},"dm-programa":[7],"class_list":["post-912","dm-podcast","type-dm-podcast","status-publish","hentry","dm-programa-podcast-radio-valencia-hora-14-comunitat-valenciana-2298"],"acf":{"url":"https:\/\/sdmedia.playser.cadenaser.com\/playser\/multimedia\/202312\/26\/1703585385443_1703585407_audio_128.mp3"},"_links":{"self":[{"href":"https:\/\/serbenidorm.daliisolutions.com\/index.php\/wp-json\/wp\/v2\/dm-podcast\/912","targetHints":{"allow":["GET"]}}],"collection":[{"href":"https:\/\/serbenidorm.daliisolutions.com\/index.php\/wp-json\/wp\/v2\/dm-podcast"}],"about":[{"href":"https:\/\/serbenidorm.daliisolutions.com\/index.php\/wp-json\/wp\/v2\/types\/dm-podcast"}],"wp:attachment":[{"href":"https:\/\/serbenidorm.daliisolutions.com\/index.php\/wp-json\/wp\/v2\/media?parent=912"}],"wp:term":[{"taxonomy":"dm-programa","embeddable":true,"href":"https:\/\/serbenidorm.daliisolutions.com\/index.php\/wp-json\/wp\/v2\/dm-programa?post=912"}],"curies":[{"name":"wp","href":"https:\/\/api.w.org\/{rel}","templated":true}]}}

José María Llanos de Vox afirma que en la entrevista Mazón ha resaltado la unidad del gobierno de coalición
