{"id":917,"date":"2023-12-26T15:29:43","date_gmt":"2023-12-26T14:29:43","guid":{"rendered":"https:\/\/serbenidorm.daliisolutions.com\/index.php\/dm-podcast\/joan-baldovi-le-pide-a-mazon-que-aclare-su-posicion-en-la-reforma-del-sistema-de-financiaciacion-antes-de-reunirse-con-otros-presidentes\/"},"modified":"2023-12-26T15:29:43","modified_gmt":"2023-12-26T14:29:43","slug":"joan-baldovi-le-pide-a-mazon-que-aclare-su-posicion-en-la-reforma-del-sistema-de-financiaciacion-antes-de-reunirse-con-otros-presidentes","status":"publish","type":"dm-podcast","link":"https:\/\/serbenidorm.daliisolutions.com\/index.php\/dm-podcast\/joan-baldovi-le-pide-a-mazon-que-aclare-su-posicion-en-la-reforma-del-sistema-de-financiaciacion-antes-de-reunirse-con-otros-presidentes\/","title":{"rendered":"Joan Baldov\u00ed le pide a Maz\u00f3n que  aclare su posici\u00f3n en la reforma del Sistema de Financiaciaci\u00f3n antes de reunirse con otros presidentes"},"featured_media":0,"template":"","meta":{"_acf_changed":false},"dm-programa":[7],"class_list":["post-917","dm-podcast","type-dm-podcast","status-publish","hentry","dm-programa-podcast-radio-valencia-hora-14-comunitat-valenciana-2298"],"acf":{"url":"https:\/\/sdmedia.playser.cadenaser.com\/playser\/multimedia\/202312\/26\/1703589040974_1703589087_audio_128.mp3"},"_links":{"self":[{"href":"https:\/\/serbenidorm.daliisolutions.com\/index.php\/wp-json\/wp\/v2\/dm-podcast\/917","targetHints":{"allow":["GET"]}}],"collection":[{"href":"https:\/\/serbenidorm.daliisolutions.com\/index.php\/wp-json\/wp\/v2\/dm-podcast"}],"about":[{"href":"https:\/\/serbenidorm.daliisolutions.com\/index.php\/wp-json\/wp\/v2\/types\/dm-podcast"}],"wp:attachment":[{"href":"https:\/\/serbenidorm.daliisolutions.com\/index.php\/wp-json\/wp\/v2\/media?parent=917"}],"wp:term":[{"taxonomy":"dm-programa","embeddable":true,"href":"https:\/\/serbenidorm.daliisolutions.com\/index.php\/wp-json\/wp\/v2\/dm-programa?post=917"}],"curies":[{"name":"wp","href":"https:\/\/api.w.org\/{rel}","templated":true}]}}

Joan Baldoví le pide a Mazón que  aclare su posición en la reforma del Sistema de Financiaciación antes de reunirse con otros presidentes
