{"id":952,"date":"2023-12-28T10:04:15","date_gmt":"2023-12-28T09:04:15","guid":{"rendered":"https:\/\/serbenidorm.daliisolutions.com\/index.php\/dm-podcast\/santiago-ballester-concejal-de-fallas-los-castillos-de-nochevieja-seran-un-evento-unico-en-toda-espana\/"},"modified":"2023-12-28T10:04:15","modified_gmt":"2023-12-28T09:04:15","slug":"santiago-ballester-concejal-de-fallas-los-castillos-de-nochevieja-seran-un-evento-unico-en-toda-espana","status":"publish","type":"dm-podcast","link":"https:\/\/serbenidorm.daliisolutions.com\/index.php\/dm-podcast\/santiago-ballester-concejal-de-fallas-los-castillos-de-nochevieja-seran-un-evento-unico-en-toda-espana\/","title":{"rendered":"Santiago Ballester (concejal de Fallas): \u00abLos castillos de Nochevieja ser\u00e1n un evento \u00fanico en toda Espa\u00f1a\u00bb"},"featured_media":0,"template":"","meta":{"_acf_changed":false},"dm-programa":[7],"class_list":["post-952","dm-podcast","type-dm-podcast","status-publish","hentry","dm-programa-podcast-radio-valencia-hora-14-comunitat-valenciana-2298"],"acf":{"url":"https:\/\/sdmedia.playser.cadenaser.com\/playser\/multimedia\/202312\/27\/1703681851826_1703681922_audio_128.mp3"},"_links":{"self":[{"href":"https:\/\/serbenidorm.daliisolutions.com\/index.php\/wp-json\/wp\/v2\/dm-podcast\/952","targetHints":{"allow":["GET"]}}],"collection":[{"href":"https:\/\/serbenidorm.daliisolutions.com\/index.php\/wp-json\/wp\/v2\/dm-podcast"}],"about":[{"href":"https:\/\/serbenidorm.daliisolutions.com\/index.php\/wp-json\/wp\/v2\/types\/dm-podcast"}],"wp:attachment":[{"href":"https:\/\/serbenidorm.daliisolutions.com\/index.php\/wp-json\/wp\/v2\/media?parent=952"}],"wp:term":[{"taxonomy":"dm-programa","embeddable":true,"href":"https:\/\/serbenidorm.daliisolutions.com\/index.php\/wp-json\/wp\/v2\/dm-programa?post=952"}],"curies":[{"name":"wp","href":"https:\/\/api.w.org\/{rel}","templated":true}]}}

Santiago Ballester (concejal de Fallas): «Los castillos de Nochevieja serán un evento único en toda España»
