{"id":954,"date":"2023-12-28T10:04:15","date_gmt":"2023-12-28T09:04:15","guid":{"rendered":"https:\/\/serbenidorm.daliisolutions.com\/index.php\/dm-podcast\/ruben-pacheco-presidente-de-la-federacion-gonzalo-anaya-pide-a-la-conselleria-deducacio-que-se-haga-cargo-de-los-gastos-que-ha-generado-el-caos-en-el-transporte-escolar\/"},"modified":"2023-12-28T10:04:15","modified_gmt":"2023-12-28T09:04:15","slug":"ruben-pacheco-presidente-de-la-federacion-gonzalo-anaya-pide-a-la-conselleria-deducacio-que-se-haga-cargo-de-los-gastos-que-ha-generado-el-caos-en-el-transporte-escolar","status":"publish","type":"dm-podcast","link":"https:\/\/serbenidorm.daliisolutions.com\/index.php\/dm-podcast\/ruben-pacheco-presidente-de-la-federacion-gonzalo-anaya-pide-a-la-conselleria-deducacio-que-se-haga-cargo-de-los-gastos-que-ha-generado-el-caos-en-el-transporte-escolar\/","title":{"rendered":"Rub\u00e9n Pacheco, presidente de la Federaci\u00f3n Gonzalo Anaya, pide a la Conselleria d&#8217;Educaci\u00f3 que se haga cargo de los gastos que ha generado el caos en el transporte escolar"},"featured_media":0,"template":"","meta":{"_acf_changed":false},"dm-programa":[7],"class_list":["post-954","dm-podcast","type-dm-podcast","status-publish","hentry","dm-programa-podcast-radio-valencia-hora-14-comunitat-valenciana-2298"],"acf":{"url":"https:\/\/sdmedia.playser.cadenaser.com\/playser\/multimedia\/202312\/27\/1703675147560_1703675196_audio_128.mp3"},"_links":{"self":[{"href":"https:\/\/serbenidorm.daliisolutions.com\/index.php\/wp-json\/wp\/v2\/dm-podcast\/954","targetHints":{"allow":["GET"]}}],"collection":[{"href":"https:\/\/serbenidorm.daliisolutions.com\/index.php\/wp-json\/wp\/v2\/dm-podcast"}],"about":[{"href":"https:\/\/serbenidorm.daliisolutions.com\/index.php\/wp-json\/wp\/v2\/types\/dm-podcast"}],"wp:attachment":[{"href":"https:\/\/serbenidorm.daliisolutions.com\/index.php\/wp-json\/wp\/v2\/media?parent=954"}],"wp:term":[{"taxonomy":"dm-programa","embeddable":true,"href":"https:\/\/serbenidorm.daliisolutions.com\/index.php\/wp-json\/wp\/v2\/dm-programa?post=954"}],"curies":[{"name":"wp","href":"https:\/\/api.w.org\/{rel}","templated":true}]}}

Rubén Pacheco, presidente de la Federación Gonzalo Anaya, pide a la Conselleria d&#8217;Educació que se haga cargo de los gastos que ha generado el caos en el transporte escolar
