{"id":963,"date":"2023-12-28T16:23:07","date_gmt":"2023-12-28T15:23:07","guid":{"rendered":"https:\/\/serbenidorm.daliisolutions.com\/index.php\/dm-podcast\/paco-perez-comite-de-expertos-que-asesoran-a-la-generalitat-para-el-cambio-de-modelo-de-financiacion-autonomica-fija-los-ejes-de-la-negociacion-con-el-gobierno-central\/"},"modified":"2023-12-28T16:23:07","modified_gmt":"2023-12-28T15:23:07","slug":"paco-perez-comite-de-expertos-que-asesoran-a-la-generalitat-para-el-cambio-de-modelo-de-financiacion-autonomica-fija-los-ejes-de-la-negociacion-con-el-gobierno-central","status":"publish","type":"dm-podcast","link":"https:\/\/serbenidorm.daliisolutions.com\/index.php\/dm-podcast\/paco-perez-comite-de-expertos-que-asesoran-a-la-generalitat-para-el-cambio-de-modelo-de-financiacion-autonomica-fija-los-ejes-de-la-negociacion-con-el-gobierno-central\/","title":{"rendered":"Paco P\u00e9rez (Comit\u00e9 de Expertos que asesoran a la Generalitat para el cambio de modelo de financiaci\u00f3n auton\u00f3mica) fija los ejes de la negociaci\u00f3n con el gobierno central"},"featured_media":0,"template":"","meta":{"_acf_changed":false},"dm-programa":[7],"class_list":["post-963","dm-podcast","type-dm-podcast","status-publish","hentry","dm-programa-podcast-radio-valencia-hora-14-comunitat-valenciana-2298"],"acf":{"url":"https:\/\/sdmedia.playser.cadenaser.com\/playser\/multimedia\/202312\/28\/1703766290074_1703766324_audio_128.mp3"},"_links":{"self":[{"href":"https:\/\/serbenidorm.daliisolutions.com\/index.php\/wp-json\/wp\/v2\/dm-podcast\/963","targetHints":{"allow":["GET"]}}],"collection":[{"href":"https:\/\/serbenidorm.daliisolutions.com\/index.php\/wp-json\/wp\/v2\/dm-podcast"}],"about":[{"href":"https:\/\/serbenidorm.daliisolutions.com\/index.php\/wp-json\/wp\/v2\/types\/dm-podcast"}],"wp:attachment":[{"href":"https:\/\/serbenidorm.daliisolutions.com\/index.php\/wp-json\/wp\/v2\/media?parent=963"}],"wp:term":[{"taxonomy":"dm-programa","embeddable":true,"href":"https:\/\/serbenidorm.daliisolutions.com\/index.php\/wp-json\/wp\/v2\/dm-programa?post=963"}],"curies":[{"name":"wp","href":"https:\/\/api.w.org\/{rel}","templated":true}]}}

Paco Pérez (Comité de Expertos que asesoran a la Generalitat para el cambio de modelo de financiación autonómica) fija los ejes de la negociación con el gobierno central
