{"id":964,"date":"2023-12-28T16:23:07","date_gmt":"2023-12-28T15:23:07","guid":{"rendered":"https:\/\/serbenidorm.daliisolutions.com\/index.php\/dm-podcast\/ruth-merino-consellera-de-hacienda-de-la-cv-anuncia-que-pedira-un-fondo-de-nivelacion-de-1-500-millones-anuales-para-compensar-la-infrafinanciacion-del-estado\/"},"modified":"2023-12-28T16:23:07","modified_gmt":"2023-12-28T15:23:07","slug":"ruth-merino-consellera-de-hacienda-de-la-cv-anuncia-que-pedira-un-fondo-de-nivelacion-de-1-500-millones-anuales-para-compensar-la-infrafinanciacion-del-estado","status":"publish","type":"dm-podcast","link":"https:\/\/serbenidorm.daliisolutions.com\/index.php\/dm-podcast\/ruth-merino-consellera-de-hacienda-de-la-cv-anuncia-que-pedira-un-fondo-de-nivelacion-de-1-500-millones-anuales-para-compensar-la-infrafinanciacion-del-estado\/","title":{"rendered":"Ruth Merino (consellera de hacienda de la CV) anuncia que pedir\u00e1 un fondo de nivelaci\u00f3n de 1.500 millones anuales para compensar la infrafinanciaci\u00f3n del estado"},"featured_media":0,"template":"","meta":{"_acf_changed":false},"dm-programa":[7],"class_list":["post-964","dm-podcast","type-dm-podcast","status-publish","hentry","dm-programa-podcast-radio-valencia-hora-14-comunitat-valenciana-2298"],"acf":{"url":"https:\/\/sdmedia.playser.cadenaser.com\/playser\/multimedia\/202312\/28\/1703766171824_1703766207_audio_128.mp3"},"_links":{"self":[{"href":"https:\/\/serbenidorm.daliisolutions.com\/index.php\/wp-json\/wp\/v2\/dm-podcast\/964","targetHints":{"allow":["GET"]}}],"collection":[{"href":"https:\/\/serbenidorm.daliisolutions.com\/index.php\/wp-json\/wp\/v2\/dm-podcast"}],"about":[{"href":"https:\/\/serbenidorm.daliisolutions.com\/index.php\/wp-json\/wp\/v2\/types\/dm-podcast"}],"wp:attachment":[{"href":"https:\/\/serbenidorm.daliisolutions.com\/index.php\/wp-json\/wp\/v2\/media?parent=964"}],"wp:term":[{"taxonomy":"dm-programa","embeddable":true,"href":"https:\/\/serbenidorm.daliisolutions.com\/index.php\/wp-json\/wp\/v2\/dm-programa?post=964"}],"curies":[{"name":"wp","href":"https:\/\/api.w.org\/{rel}","templated":true}]}}

Ruth Merino (consellera de hacienda de la CV) anuncia que pedirá un fondo de nivelación de 1.500 millones anuales para compensar la infrafinanciación del estado
