{"id":97,"date":"2023-11-29T15:22:49","date_gmt":"2023-11-29T14:22:49","guid":{"rendered":"https:\/\/serbenidorm.daliisolutions.com\/index.php\/dm-podcast\/estudiantes-de-benidorm-ponen-el-foco-en-la-violencia-de-genero-a-traves-de-documovil\/"},"modified":"2023-11-29T15:22:49","modified_gmt":"2023-11-29T14:22:49","slug":"estudiantes-de-benidorm-ponen-el-foco-en-la-violencia-de-genero-a-traves-de-documovil","status":"publish","type":"dm-podcast","link":"https:\/\/serbenidorm.daliisolutions.com\/index.php\/dm-podcast\/estudiantes-de-benidorm-ponen-el-foco-en-la-violencia-de-genero-a-traves-de-documovil\/","title":{"rendered":"Estudiantes de Benidorm ponen el foco en la violencia de g\u00e9nero a trav\u00e9s de &#8216;Docum\u00f3vil&#8217;"},"featured_media":0,"template":"","meta":{"_acf_changed":false},"dm-programa":[],"class_list":["post-97","dm-podcast","type-dm-podcast","status-publish","hentry"],"acf":{"url":"https:\/\/sdmedia.playser.cadenaser.com\/playser\/multimedia\/202311\/23\/1700736727577_1700736776_audio_128.mp3"},"_links":{"self":[{"href":"https:\/\/serbenidorm.daliisolutions.com\/index.php\/wp-json\/wp\/v2\/dm-podcast\/97","targetHints":{"allow":["GET"]}}],"collection":[{"href":"https:\/\/serbenidorm.daliisolutions.com\/index.php\/wp-json\/wp\/v2\/dm-podcast"}],"about":[{"href":"https:\/\/serbenidorm.daliisolutions.com\/index.php\/wp-json\/wp\/v2\/types\/dm-podcast"}],"wp:attachment":[{"href":"https:\/\/serbenidorm.daliisolutions.com\/index.php\/wp-json\/wp\/v2\/media?parent=97"}],"wp:term":[{"taxonomy":"dm-programa","embeddable":true,"href":"https:\/\/serbenidorm.daliisolutions.com\/index.php\/wp-json\/wp\/v2\/dm-programa?post=97"}],"curies":[{"name":"wp","href":"https:\/\/api.w.org\/{rel}","templated":true}]}}

Estudiantes de Benidorm ponen el foco en la violencia de género a través de &#8216;Documóvil&#8217;
