{"id":986,"date":"2023-12-30T10:36:06","date_gmt":"2023-12-30T09:36:06","guid":{"rendered":"https:\/\/serbenidorm.daliisolutions.com\/index.php\/dm-podcast\/ensanche-levante-y-el-poligono-industrial-arrancara-su-urbanizacion-en-los-primeros-meses-de-2024\/"},"modified":"2023-12-30T10:36:06","modified_gmt":"2023-12-30T09:36:06","slug":"ensanche-levante-y-el-poligono-industrial-arrancara-su-urbanizacion-en-los-primeros-meses-de-2024","status":"publish","type":"dm-podcast","link":"https:\/\/serbenidorm.daliisolutions.com\/index.php\/dm-podcast\/ensanche-levante-y-el-poligono-industrial-arrancara-su-urbanizacion-en-los-primeros-meses-de-2024\/","title":{"rendered":"Ensanche Levante y el Pol\u00edgono Industrial arrancar\u00e1 su urbanizaci\u00f3n en los primeros meses de 2024"},"featured_media":0,"template":"","meta":{"_acf_changed":false},"dm-programa":[2],"class_list":["post-986","dm-podcast","type-dm-podcast","status-publish","hentry","dm-programa-podcast-radio-benidorm-3154"],"acf":{"url":"https:\/\/sdmedia.playser.cadenaser.com\/playser\/multimedia\/202312\/29\/1703857472621_1703857716_audio_128.mp3"},"_links":{"self":[{"href":"https:\/\/serbenidorm.daliisolutions.com\/index.php\/wp-json\/wp\/v2\/dm-podcast\/986","targetHints":{"allow":["GET"]}}],"collection":[{"href":"https:\/\/serbenidorm.daliisolutions.com\/index.php\/wp-json\/wp\/v2\/dm-podcast"}],"about":[{"href":"https:\/\/serbenidorm.daliisolutions.com\/index.php\/wp-json\/wp\/v2\/types\/dm-podcast"}],"wp:attachment":[{"href":"https:\/\/serbenidorm.daliisolutions.com\/index.php\/wp-json\/wp\/v2\/media?parent=986"}],"wp:term":[{"taxonomy":"dm-programa","embeddable":true,"href":"https:\/\/serbenidorm.daliisolutions.com\/index.php\/wp-json\/wp\/v2\/dm-programa?post=986"}],"curies":[{"name":"wp","href":"https:\/\/api.w.org\/{rel}","templated":true}]}}

Ensanche Levante y el Polígono Industrial arrancará su urbanización en los primeros meses de 2024
